e third derivative of -w**8/6720 + w**7/630 - w**6/180 - w**5/120 - 5*w**4/24 + 7*w**2. Let f(b) be the second derivative of g(b). What is f(3)?
-4
Let c(g) = g**3 + 4*g**2 - 7*g + 2. Let s be c(-5). Let h be s/7 - (-2)/7. Let b(l) = -l**3 + l**2 - 2*l + 1. Determine b(h).
-7
Let c(m) = 5*m**2 + 11*m + 3. Let o(g) = 4*g**2 + 10*g + 3. Let u(s) = 3*c(s) - 4*o(s). Give u(-6).
3
Let a(d) = -d**2 + 1. Let z(b) = -b**2 - b. Let t = 10 - 5. Suppose 0 = 8*k - 3*k - t. Let f(r) = k*a(r) - 2*z(r). Determine f(-1).
0
Let f be (-3 + (-4)/(-1))/(2 + -1). Let n(j) = -3*j - 1. Calculate n(f).
-4
Let a(v) be the first derivative of -v**5/60 - v**4/24 - v**3 - 2. Let l(g) be the third derivative of a(g). What is l(-1)?
1
Let r = 3 + -1. Suppose -5*p = -2*m - m + 36, m + 3*p = -r. Let v = -8 + m. Let o(u) = -6*u**3 - u. Determine o(v).
7
Let u = -7 - -9. Let t(j) = -3 - 4 + 5 + j - u. Determine t(7).
3
Let a(i) = 45*i**3 + 5*i**2 - 44*i**3 - 6 + 0. Give a(-5).
-6
Let y(b) be the first derivative of -b**3/3 + 3*b**2 + 3*b - 4. Let a(v) = -v**3 + 5*v**2 - 4*v + 4. Let z be a(3). Suppose 3*q - 5 = z. Give y(q).
8
Let v(t) = t**2 + 3 + 1 + 5*t - t**3 - 4*t**2. Let j = -1 - -3. Suppose j*f - 4*f - 8 = 0. Give v(f).
0
Let g(k) = k**3 - 6*k**2 - 5*k + 4. Let l(y) = -y**3 + 5*y**2 + 5*y - 4. Let p(f) = 2*g(f) + 3*l(f). Suppose 20 = 5*r - 0. Determine p(r).
0
Let d(w) be the second derivative of w**5/20 - w**4/3 - 5*w**3/6 + w**2 - w. Let g be d(5). Let s(a) = -a**2 - 2*a**2 - 5 + 0*a**2 + g*a + 2. Give s(2).
-11
Let o = -19 + 25. Let c(p) = p**2 - 6*p + 4. What is c(o)?
4
Suppose -6*f + 3*f = 12. Let h(u) be the third derivative of u**4/24 + u**3/3 - u**2. Give h(f).
-2
Let f be (3 - 1)*13/(-2). Let d = f - -9. Let l(m) be the first derivative of -m**2 - 3*m - 3. What is l(d)?
5
Let k = 8 + -5. Let s(b) be the second derivative of 0 + 4*b - 1/6*b**4 + 2*b**2 - 2/3*b**3 + 1/20*b**5. Determine s(k).
1
Let l(v) = 13 - 14 + 2*v**2 + v**2 - v**3 - 2*v**2 + v. What is l(-2)?
9
Let u(b) be the second derivative of 1/15*b**5 + 0 - 1/3*b**4 - 2*b + 1/120*b**6 - 3/2*b**2 - 2/3*b**3. Let k(p) be the first derivative of u(p). Give k(-5).
11
Let y(z) = z**3 - 5*z**2 + 4*z + 5. Let w be y(4). Let d(j) = 4*j - 1. Let g(p) = 9*p - 2. Let q(u) = -7*d(u) + 3*g(u). Determine q(w).
-4
Let a(q) be the first derivative of -q**2/2 - q + 23. Give a(4).
-5
Let n = -10 + -3. Let i = 13 + n. Let f(h) = h + 4. Give f(i).
4
Suppose 8*z = 12*z. Let k(g) = g**2 - 1 - 2 - 6*g + z + 4. Let m be -4*1*3/(-4). What is k(m)?
-8
Let o(n) be the second derivative of 0 - 1/6*n**3 - 5/12*n**4 - 1/20*n**5 - n + 3/2*n**2. Calculate o(-4).
-9
Let q be -2*9/24*4. Let t be ((-2)/(-6))/((-1)/q). Let a(p) = p**2 - p. Determine a(t).
0
Let a be 1*-1 - -1 - 6. Suppose 2*w - 43 = -y, -y - 3*y + 185 = -5*w. Let c(t) = t**2 + y*t + 0*t**2 - 5 - 40*t. Calculate c(a).
1
Let x(q) = -q**2 - 2*q + 4*q + 5 + q + q. What is x(5)?
0
Let o(f) = -4*f**2 + 3*f**2 + 7*f - 6 - 2*f + f. Let i be o(4). Let r(c) = -c**3 + 3*c**2 + 2. Give r(i).
6
Let p(k) = -k - 2. Let y(w) = -w**3 + 4*w**2 - 3*w - 4. Let f be y(3). Give p(f).
2
Let i(u) = -u**3 - 4*u**2 + 4*u. Let k be i(-5). Suppose -k*v - 8 = -v. Let d(q) = q**3 + q**2 - 3*q - 2. Give d(v).
0
Let l(t) be the first derivative of -1 + 5/3*t**3 + t - 2*t**2 - 1/4*t**4. Let m = -6 + 10. What is l(m)?
1
Let l = -32 - -35. Let p(g) = -g - 4. Determine p(l).
-7
Let k(o) = -11*o - 17. Let x(w) = -6*w - 9. Let p(l) = 3*k(l) - 5*x(l). What is p(-4)?
6
Let k = -53 + 53. Let p(a) be the first derivative of a**4/4 - a**3/3 + 12*a - 2. Give p(k).
12
Let d(v) = 3*v**2 + v. Let b be (3 - 0)*(-8)/(-12). Suppose 3 = -u - b*u. Give d(u).
2
Suppose 6*d = 3*d - 12. Let q(s) = -s**2 - 4*s + 10. Suppose -7*z + 15 = -4*z. Let u(b) = b**2 + 4*b - 11. Let r(y) = z*u(y) + 6*q(y). Calculate r(d).
5
Let f be -1*1*1 + -4. Let p = 17 - 14. Let q(i) = -3*i + 4 + 2*i + p. Give q(f).
12
Let r(t) be the second derivative of t**5/40 + t**3/6 + 3*t. Let u(x) be the second derivative of r(x). Determine u(-4).
-12
Let y(l) = -30*l - 1 + 15*l + 16*l. Calculate y(3).
2
Let t(s) be the second derivative of 3*s + 1/6*s**3 + 1/2*s**2 - 1/3*s**4 + 1/20*s**5 + 0. Let a be t(2). Let v(d) = -d**3 - 6*d**2 - 5*d - 3. What is v(a)?
-3
Let g be (4/6)/(8/(-12)). Suppose 3*l + 7 = -2*m - 2, -4*m - 6 = 2*l. Let t = m + g. Let u(s) = -5*s. Give u(t).
5
Let t(v) = 5 + 4*v**2 + 1 - 6*v - 3*v**2. Let j(c) be the second derivative of -c**5/20 - c**4/4 - c**3/6 + c**2/2 + 2*c. Let s be j(-3). Calculate t(s).
-2
Let v(f) = -f**3 + 4*f**2 + 7*f - 4. Let b(d) = 1 - 26*d**2 - d**3 + 4 + 31*d**2. Suppose 2*w + 3*p - 25 = 0, -5*w + 18 = 2*p - 17. Let h be b(w). Give v(h).
6
Let a(z) = -2*z**2 - 4*z - 2. Suppose 0 = -5*x - 3*s - 5, 3*x + 2*s + 2*s = 8. Let p be 15/10*x/3. What is a(p)?
-2
Let n = -5 + 8. Suppose 4*q + 4*p = 20, -q + n = 3*p - 12. Suppose b = -b + 4*h + 12, 4*h + 16 = q. Let a(y) = -2*y. Determine a(b).
4
Let i(s) = s**2 + 9*s + 10. Suppose 3*u + 3*k + 30 = 0, -2*k - 2*k - 48 = 5*u. Give i(u).
2
Let w(y) = -1 + 2 + 5*y**2 - 2*y - 10*y**2. Give w(1).
-6
Let x(j) be the third derivative of -j**4/12 - 2*j**3/3 + 2*j**2. Let z = -1 - 1. Let g(m) = -m**2 - m - 2. Let t be g(z). Determine x(t).
4
Let t(w) = -8*w + 1. Let v(i) = 7*i - 1. Let g(h) = -5*t(h) - 6*v(h). What is g(4)?
-7
Suppose -2*q + 0*q + 10 = 0. Let f(w) = -w + 2. Give f(q).
-3
Let j be 0/(2 + -1) + -1. Suppose p - 3*k - 14 = -0*k, -3*p + k = -10. Let b(v) = -1 + 2*v + 1 + 2*v**p + 4 - 3 + 5*v**3. Calculate b(j).
-4
Let s(i) be the third derivative of -i**4/24 - 4*i**3/3 + 9*i**2. Give s(-8).
0
Let c(t) = t. Let i(a) be the third derivative of 11*a**4/24 - a**3/6 + a**2. Let k(f) = -c(f) + i(f). Let s be -6 + 3 - 0 - -2. Calculate k(s).
-11
Let o(s) = -s**2 - 8*s - 3. Let t be o(-7). Suppose -2*i + 6 = i, -28 = -4*m - t*i. Let g(z) = 1 - z**3 - 4 + 2*z**3 + 7*z - 6*z**2. Determine g(m).
7
Let n(l) be the first derivative of -5*l**2 + 16*l + 3. Let t(v) = -3*v + 5. Let x(j) = -2*n(j) + 7*t(j). Let d = 0 + 0. What is x(d)?
3
Let q(k) = 2*k + 5. Let i(s) = -3*s - 8. Let t(g) = -5*i(g) - 7*q(g). Calculate t(-3).
2
Let d(c) = 3*c**2 - 5*c**2 + 5 - 4*c + c**2. Let g be (-14)/3 + 6/(-18). What is d(g)?
0
Let t = -45 + 51. Let f(d) = -d**2 + 8*d - 6. What is f(t)?
6
Let r(k) = -k**3 - 6*k**2 - k - 8. Suppose -t - 2 = 4. Give r(t).
-2
Let h(r) = 2*r + 1. Let d = 2 + -1. Let f be ((-1)/d)/((-8)/(-8)). What is h(f)?
-1
Let j(m) = -m**2 - 12*m - 11. Let i be j(-10). Suppose i = 3*n - 6. Let a(k) = k - 6. Determine a(n).
-1
Let g = -6 + 10. Let k(c) be the first derivative of c**4/4 - c**3 - 5*c**2/2 + 6*c + 2. Give k(g).
2
Let t(o) = -5*o - 9. Suppose -42 = -j + 7*j. Give t(j).
26
Suppose -4*w - 8 = 12. Let r(d) = 15*d**2 - 3*d + 2. Let h(n) = 7*n**2 - n + 1. Let c(p) = 13*h(p) - 6*r(p). What is c(w)?
1
Let b(w) be the first derivative of w**4/4 + 4*w**3 + 4*w - 56. Determine b(-12).
4
Let a be (-70)/4 - 2/(-4). Let h(s) = -2*s**2 + 6*s - 7. Let u(r) = -7*r**2 + 17*r - 20. Let w(c) = a*h(c) + 6*u(c). Calculate w(-1).
-9
Let d = 65 + 19. Let a be d/(-35) + 3/(-5). Let z(s) = -s**2 - 2*s + 1. Determine z(a).
-2
Let g(s) = -s + 2. Let x be g(0). Let q(z) = -4 - x - 2*z + 4 + 1. Let y be q(-2). Let h(v) = -v**3 + 2*v**2 + 4*v + 1. What is h(y)?
4
Let o(x) = -18*x**2 - 1. Let y(s) = s**3 - 15*s**2 + 14*s - 1. Let a be y(14). Determine o(a).
-19
Let t(h) be the first derivative of 3 - 3*h + 1/4*h**4 - 1/3*h**3 - 1/2*h**2. Determine t(0).
-3
Let v(a) = 11*a**2 - 14*a - 3. Let f(u) = 4*u**2 - 5*u - 1. Let b(x) = -x**3 - 6*x**2 + x + 3. Let s be b(-6). Let l(h) = s*v(h) + 8*f(h). Determine l(2).
1
Let c(x) = -3*x - 2. Let p be c(-2). Suppose -p*m + 6 = -2*m. Suppose -5*r + m = -2. Let u(a) = 3*a + 1. Give u(r).
4
Let m(h) be the first derivative of -h**4/4 + h**2/2 - 2. Let u be -4 - -2 - (1 - 2). Give m(u).
0
Let g(d) be the first derivative of -d**4/4 - d**3 + 5*d**2/2 - 2*d + 2. Let v be (-18)/(-5) + 4/10. Suppose 5*q = v - 24. Determine g(q).
-6
Let v(a) be the first derivative of 0*a + 1/2*a**2 + 1/6*a**3 + 2 + 1/24*a**4. Let f(u) be the second derivative of v(u). Determine f(0).
1
Let a(o) = -o**2 - 4*o**2 - 1 + 4*o**2 + 0*o**2 - o. Give a(-2).
-3
Let j(x) be the first derivative of 